s the units digit of f?
9
Let h(l) be the first derivative of -3*l**5/20 + l**4/6 + l**3/3 + l**2/2 + 2*l + 3. Let v(q) be the first derivative of h(q). What is the units digit of v(-1)?
4
Let k(m) = m**3 + 10*m**2 - 2*m - 11. Let h be k(-9). Let x = -59 + h. What is the tens digit of x?
2
Let b = -178 + 317. What is the hundreds digit of b?
1
Let v(p) = p**3 - 3*p**2 - 2. Let t be v(4). Suppose -4*l - 2 + t = 0. Suppose 0*y + l*y - 6 = 0. What is the units digit of y?
2
Suppose 0*v = -4*o + 4*v + 20, -o + 9 = -3*v. Suppose -4*j + 8*j = 116. Suppose w = -6*m + 3*m + j, o*w + 9 = 3*m. What is the units digit of m?
8
Let k(t) = t**3 - t - 6. Let x(s) = s**3 - s**2 - 6. Let r(l) = 5*k(l) - 4*x(l). Let w be r(-5). What is the units digit of 3/w - (-5)/2?
2
Let a(b) = -4*b + 6. What is the units digit of a(-4)?
2
Let m(q) = q**2 + 4*q - 4. Let w be (6/5)/(11/(-55)). What is the units digit of m(w)?
8
Let s be (12/(-9))/((-2)/(-6)). Let j(q) = q**3 + 4*q**2 - q + 4. What is the units digit of j(s)?
8
Let k = 3 + -3. Suppose k + 20 = 3*u - 2*c, -2*c = 3*u - 4. What is the units digit of u?
4
Suppose 0 = y + 2*y. Suppose 2*o = 2*d - 46, y*d = -3*d + 5*o + 69. What is the units digit of d?
3
Suppose 0 = 4*r + 4*v + 4, 0*r - 5*r + 4*v = -4. Let n(o) = 7*o**2 + o - 1. Let k be n(1). Let x = r + k. What is the units digit of x?
7
Let z = -56 + 96. What is the units digit of z?
0
Suppose y = a + 12, -y - 5*a - 39 = -3*y. Let l(m) = 6 - 2*m + 12*m - 8*m**2 - 3*m + m**3. What is the units digit of l(y)?
6
Let r = 13 - 2. Let z = 19 - r. What is the units digit of z?
8
Let j(v) = -8*v + 1. What is the units digit of j(-1)?
9
Suppose 0 = q - 0*q - 6. What is the units digit of q?
6
Suppose 2*i = -4*r + 110, i - 3*r = -4*i + 288. What is the units digit of i?
7
Suppose -c - 2*c = 3*h - 12, -3*h + c = -12. Suppose 16 = 4*i - h. Suppose 0 = -5*a + i. What is the units digit of a?
1
Let r(x) be the third derivative of -x**6/120 - x**5/10 + 7*x**4/24 + x**3/2 - 2*x**2. Let h be (-2)/4 + 104/(-16). What is the units digit of r(h)?
3
Suppose 3*d = d + 10. Suppose -d*o + 7 = -8. Suppose y + o*y - 48 = -4*t, -t - 3 = -4*y. What is the units digit of t?
9
Let h = 18 + -13. Suppose 0 = o - h - 7. What is the units digit of o?
2
Let i(o) = o**3 + 9*o**2 + 7*o + 10. What is the tens digit of i(-8)?
1
Suppose -x = -3*p + 13, -5*x = -p + 5*p + 27. Let b(v) = -v**2 - 10*v - 7. What is the units digit of b(x)?
4
Suppose 20 = 4*y, -4*d - 44 = y - 257. What is the tens digit of d?
5
What is the units digit of 87/6 + (-4)/(-8)?
5
Let s(j) = j - 5. Let f be s(7). Suppose 0 = 2*x + f*x - 44. What is the units digit of x?
1
Let d(b) = -b + 3. Let g be d(-3). Let s(a) = a**2 - 4*a - 3. What is the units digit of s(g)?
9
What is the hundreds digit of 2/8 + 9170/56?
1
Let k be (-1 - -2)*(-4)/(-2). Let h(o) = 5*o - k*o**2 - 3 + 3*o + o**2. What is the units digit of h(6)?
9
What is the units digit of 1*104/4 - -3?
9
Let h = 106 - 39. What is the tens digit of h?
6
Suppose -3 = i - o + 17, i + 3*o = 0. Let t = 0 - i. What is the tens digit of t?
1
Let r(v) = -v**3 - 16*v**2 - 15*v + 2. Let h be r(-15). Let i = 0 + 0. Suppose -3*j - 4 = -4*x + 3, 4*x + 2*j - h = i. What is the units digit of x?
1
Let p = -12 - -44. What is the units digit of p?
2
Suppose 5*i + 6 = -3*s - 19, 2*s = 2*i + 10. Let j = 7 + s. What is the units digit of j?
7
Let i = 85 - 52. Suppose -j + 4*q - 27 = 0, -2 - i = 5*j + 5*q. Let b(x) = -x + 1. What is the tens digit of b(j)?
1
Let k(v) = 3. Let g(f) = -f - 2. Let j(s) = -3*g(s) - k(s). What is the tens digit of j(3)?
1
Let p(h) = 21*h**2 - 2*h - 2. What is the tens digit of p(2)?
7
Let t(y) = 8*y - 1. Let d be t(-1). Let j = 1 - d. What is the tens digit of j?
1
Let l = -4 - -9. Suppose -l*b + 25 = -a, a = b - 4*a - 5. Suppose b = s + 4. What is the units digit of s?
1
Suppose 3*z - 5*l - 95 = 0, -4*z - l - l = -118. Suppose -5*o - 30 = -r + 2*r, -2*r - 4*o = z. What is the units digit of (-2 - r)/((-3)/(-2))?
2
Let q be 2/4*(-1 + 5). Let k be (-2)/q - (-1 + 15). What is the units digit of (-69)/k + 4/10?
5
Let z = 36 + -25. Suppose 0 = -x - 0*k - 5*k + 25, 0 = -x + 4*k - z. What is the units digit of x?
5
Let i(q) = -16*q - 6. What is the tens digit of i(-3)?
4
Suppose 6*q - 824 = -2*q. What is the units digit of q?
3
Suppose -3*o + 667 = v, 2*o + 2646 + 706 = 5*v. What is the units digit of (-1)/(-3) - v/(-15)?
5
Let c(k) = -5*k**2 + 2*k + 6. Let g(l) = l**2 - 1. Let z(y) = -c(y) - 6*g(y). Let u be z(-2). Let q = u + 2. What is the units digit of q?
2
Suppose 7*w - h = 2*w - 31, -w - 3*h - 3 = 0. Let j be (-3 + 21)*(-15)/w. Suppose 2*u + 3*u - j = 0. What is the units digit of u?
9
Suppose 3*v + 5 - 2 = 0, -5*v = -i + 52. What is the tens digit of i?
4
What is the units digit of 89 + -3 - (-1)/(4/(-8))?
4
Suppose 3*x = -0 + 9. What is the units digit of x?
3
Suppose -3*r + 169 = 58. What is the tens digit of r?
3
Suppose -7 = -6*b + 23. Suppose 4*f - z = -b*z + 68, -4*f + 5*z = -50. What is the units digit of f?
5
Let u = -6 - -9. Suppose -u*y - 5 - 10 = -3*a, 3*a + 9 = -3*y. What is the units digit of (2/a + -3)*-8?
8
Let u = 47 - -12. Let w(o) = -o**3 - 3*o**2 + 3*o + 1. Let i be w(-5). Suppose -2*j - j - 2*q = -i, 5*j + 3*q = u. What is the units digit of j?
0
Let d be (24/30)/(4/10). Suppose d = 4*n + 4*w - 18, -4*n = -3*w + 15. Suppose n*l - 6 = -3*l. What is the units digit of l?
2
Suppose k = -20*k + 7518. What is the units digit of k?
8
Let k(q) = 3*q**2 + 5*q - 10. What is the tens digit of k(-6)?
6
Let l(v) = v**2 + 2*v + 4. Let w be l(-3). Let h be ((-26)/4)/((-2)/(-24)). What is the units digit of h/(-21) + 2/w?
4
Let m(f) = f. Let r be m(-4). What is the tens digit of 1*(-50*2)/r?
2
Suppose -5*l - 4*v - 5 = 1, -4*l + 5*v - 13 = 0. What is the tens digit of (-1 - -3)*(-11)/l?
1
Suppose 0 = f + 1 - 4, -5*y + 5*f = -890. What is the hundreds digit of y?
1
Let i(k) = -k**3 - k - 1. Let c(d) = 2*d**3 + 8*d**2 - 6*d + 10. Let p(o) = c(o) + 3*i(o). What is the tens digit of p(6)?
2
Let r(j) be the third derivative of -j**4/24 - j**3 + 3*j**2. Let w be r(-6). Let s = 17 - w. What is the tens digit of s?
1
Let o(w) be the second derivative of -w**5/120 - w**4/12 + w**3/6 - w. Let d(l) be the second derivative of o(l). What is the units digit of d(-6)?
4
Let i(s) = -s**2 + 6*s. Let h be i(6). Let w = 2 - h. Suppose 0 = -3*a - 2*v + 40, -a = w*a + v - 35. What is the units digit of a?
0
Let m be (-309)/(-7) + (-10)/70. Let u = m + -17. What is the units digit of u?
7
Suppose -3*k - 23 = 5*w, 5*w = -k + 14 - 45. Let y(m) = -21*m**2 - m + 1. Let c be y(1). What is the units digit of w/(c/54) - 3?
5
Let d(w) = w + 11. Let b(l) = -2*l + 14. Let r be b(12). What is the units digit of d(r)?
1
Suppose -4*h = -19 - 13. Suppose -2*b - 2 = -s, -b - h = -8*s + 4*s. Suppose x + 19 = 5*n, b = -5*x + 7*n - 3*n - 11. What is the units digit of x?
1
Let q(f) = f + 1. Let o(w) = 4*w + 8. Suppose b = -2*b + 24. Let n(i) = b*q(i) - o(i). What is the units digit of n(1)?
4
Suppose a + 2*b - b = 5, -5*a - b = -21. Suppose 0 = d + 3*y - 8, -13 = -6*d + a*d - 3*y. Suppose 0 = d*r - r - 24. What is the units digit of r?
6
Suppose -3*p + 114 = -0*p. What is the units digit of p?
8
Let h(v) be the first derivative of 2*v**3 + 2*v**2 + 3*v + 1. What is the tens digit of h(-2)?
1
Let y(b) = -b**3 + 7*b**2 + 10*b - 10. Let j = 10 + -2. Let s be y(j). Suppose s*i = 3*i + 15, 4*f = 4*i - 16. What is the units digit of f?
1
Suppose 4*z - s + 165 = 0, 5*z - 4*s + 279 = 81. Let q = z + 62. Suppose -22 = -4*a - t, q = 3*a + 3*t - 1. What is the units digit of a?
5
Suppose -22 + 2 = -5*f. Suppose -f*h - h = -10. What is the units digit of h?
2
Let t = 254 - 150. What is the hundreds digit of t?
1
What is the units digit of 0 + -2*-2*33?
2
Let k be (-16)/(-12)*3/2. Suppose -3*s = -k*s - 18. Suppose 2*t + t = -6, 4*d = -t + s. What is the units digit of d?
5
Let a = 65 + -45. Let f be a/(2/6*3). Suppose 4*w = 4*z - 76, 0 = -8*w + 3*w - f. What is the tens digit of z?
1
Suppose o = p + 30, -p + 72 = 2*o + p. Suppose -3*l - 5*x = -0*l - o, -4*l + 44 = 2*x. What is the units digit of l?
1
Let n(a) = -a. Let l be n(-6). Let h(s) = -s**2 + 4*s. Let v be h(l). What is the units digit of (1 - 0)/((-